{"id":65,"date":"2020-01-06T09:14:12","date_gmt":"2020-01-06T09:14:12","guid":{"rendered":"https:\/\/massage-pure.ch\/?page_id=65"},"modified":"2023-04-24T07:44:55","modified_gmt":"2023-04-24T07:44:55","slug":"informationen","status":"publish","type":"page","link":"https:\/\/massage-pure.ch\/index.php\/informationen\/","title":{"rendered":"Informationen"},"content":{"rendered":"\n<h3 class=\"wp-block-heading\"><strong>Absagen\/Verschieben von Terminen<\/strong><\/h3>\n\n\n\n<p>Die\n Kosten f\u00fcr vereinbarte Termine, die vom Kunden nicht wahrgenommen \nwerden, sind vom Kunden zu tragen, sofern die Termine nicht 24 Stunden \nim Voraus pers\u00f6nlich oder telefonisch abgesagt wurden. Bei versp\u00e4tetem \nErscheinen zu einem Termin wird die vereinbarte Behandlungszeit \nvollumf\u00e4nglich berechnet.<\/p>\n\n\n\n<h3 class=\"wp-block-heading\"><strong>Zahlungskonditionen<\/strong><\/h3>\n\n\n\n<p>Die Behandlung erfolgt gegen Barzahlung unmittelbar nach der jeweiligen Behandlung vor Ort.<br>Kartenzahlung (ausser Postcard) m\u00f6glich.<\/p>\n\n\n\n<h3 class=\"wp-block-heading\"><strong>Datenschutz<\/strong><\/h3>\n\n\n\n<p>Alle\n pers\u00f6nlichen Daten werden selbstverst\u00e4ndlich vertraulich behandelt&nbsp; &#8211; \nS\u00e4mtliche Behandlungen unterliegen der Schweigepflicht durch die \nMasseurin.<\/p>\n\n\n\n<h3 class=\"wp-block-heading\"><strong>Pflichten des Kunden<\/strong><\/h3>\n\n\n\n<p>Der\n Kunde verpflichtet sich wahrheitsgem\u00e4sse Auskunft \u00fcber seinen \nGesundheitszustand zu machen und die Masseurin unaufgefordert \u00fcber \nallf\u00e4llige \u00c4nderungen zu informieren.<\/p>\n\n\n\n<h3 class=\"wp-block-heading\"><strong>Krankenkasse<\/strong><\/h3>\n\n\n\n<p>Keine Abrechnung \u00fcber die Krankenkasse.&nbsp;<\/p>\n\n\n\n<h3 class=\"wp-block-heading\"><strong>Massagen<\/strong><\/h3>\n\n\n\n<p>Es werden keine Erotikmassagen angeboten.<\/p>\n","protected":false},"excerpt":{"rendered":"<p>Absagen\/Verschieben von Terminen Die Kosten f\u00fcr vereinbarte Termine, die vom Kunden nicht wahrgenommen werden, sind vom Kunden zu tragen, sofern die Termine nicht 24 Stunden im Voraus pers\u00f6nlich oder telefonisch abgesagt wurden. Bei versp\u00e4tetem Erscheinen zu einem Termin wird die vereinbarte Behandlungszeit vollumf\u00e4nglich berechnet. Zahlungskonditionen Die Behandlung erfolgt gegen Barzahlung unmittelbar nach der jeweiligen Behandlung [&hellip;]<\/p>\n","protected":false},"author":1,"featured_media":0,"parent":0,"menu_order":0,"comment_status":"closed","ping_status":"closed","template":"","meta":{"footnotes":""},"_links":{"self":[{"href":"https:\/\/massage-pure.ch\/index.php\/wp-json\/wp\/v2\/pages\/65"}],"collection":[{"href":"https:\/\/massage-pure.ch\/index.php\/wp-json\/wp\/v2\/pages"}],"about":[{"href":"https:\/\/massage-pure.ch\/index.php\/wp-json\/wp\/v2\/types\/page"}],"author":[{"embeddable":true,"href":"https:\/\/massage-pure.ch\/index.php\/wp-json\/wp\/v2\/users\/1"}],"replies":[{"embeddable":true,"href":"https:\/\/massage-pure.ch\/index.php\/wp-json\/wp\/v2\/comments?post=65"}],"version-history":[{"count":4,"href":"https:\/\/massage-pure.ch\/index.php\/wp-json\/wp\/v2\/pages\/65\/revisions"}],"predecessor-version":[{"id":232,"href":"https:\/\/massage-pure.ch\/index.php\/wp-json\/wp\/v2\/pages\/65\/revisions\/232"}],"wp:attachment":[{"href":"https:\/\/massage-pure.ch\/index.php\/wp-json\/wp\/v2\/media?parent=65"}],"curies":[{"name":"wp","href":"https:\/\/api.w.org\/{rel}","templated":true}]}}